e
Let q be 0/19 - 1*-2*1. Suppose 1654 = h - 5*j - 6400, -2*h + 16120 = q*j. Is h prime?
True
Suppose 12*s - 87237 = 51769 - 23794. Is s prime?
True
Let l(w) = w**3 + 13*w**2 - 18*w + 29. Let n be l(-14). Let a = -89 + n. Is 1*a/4*-1399 a prime number?
True
Let b = 2101138 - 1406187. Is b a prime number?
True
Let w(h) = -h**3 + 101*h**2 + 2254*h + 97. Is w(117) prime?
False
Let l = 905164 - 527357. Is l a composite number?
True
Let b(f) = -3*f**3 - 49*f**2 + 46*f + 1543. Is b(-46) a prime number?
True
Let t(q) = -q**2 - 3*q. Let i be t(-2). Suppose -5*n - 6 = -4*f, -i*n = 3*n + 5*f - 30. Suppose n*o - 2447 = -o + 2*g, o + 4*g = 825. Is o prime?
False
Let t = 3633 - 1958. Let m = 669 + 239. Let d = t - m. Is d a composite number?
True
Suppose y - 546326 = -5*p, 0 = 3*y + 168*p - 178*p - 1639003. Is y a composite number?
True
Let c(d) = d**3 - 43*d**2 - 99*d - 21. Let m be c(40). Let z = 13699 + m. Is z a prime number?
False
Let j(o) = 695*o**3 + 2*o**2 + 2*o + 4. Let u be j(3). Let d = u + -12870. Is d prime?
True
Suppose 0 = -11909*k + 11934*k - 11835050. Is k a composite number?
True
Is 68/(44 - 180) - ((-1109934)/4)/1 a prime number?
True
Let w(y) = 138*y**3 + 14*y**2 + 159*y + 9. Is w(14) a prime number?
True
Suppose -1 = -h - r, 7 = 3*h - 4*r + 25. Is 5675 - (h - 2 - -2) a prime number?
False
Let m(x) = -4*x**3 - 66*x**2 - 30*x - 18. Is m(-34) prime?
False
Suppose 38 + 44 = p. Let d(c) = -133*c + 2537. Let j be d(20). Let n = p - j. Is n prime?
False
Let n(q) = 4*q**2 + 7*q + 2. Let g be n(-2). Is 5161/(g/(-4) - (2 - 4)) composite?
True
Let z(u) = 2054*u**2 - 298*u + 3975. Is z(13) composite?
False
Suppose c = -3*y + 132217, 31*y - 220375 = 26*y - 5*c. Is y prime?
True
Suppose 39*f - 702989 - 1922608 = 0. Is f a composite number?
True
Suppose -3*k + 76 = 2*b, -b - 2*k + 0*k + 37 = 0. Suppose 4*o + 163429 = b*o. Is o a composite number?
True
Let r be 3/18 + 15927/18. Suppose x + 4*n + 462 + r = 0, 0 = 2*x - 4*n + 2706. Let f = x + 2720. Is f composite?
True
Suppose 0 = -n - 5*j + 88991 + 280303, -5*j = 4*n - 1477161. Is n composite?
True
Suppose 0 = -8*d + 2*d + 3*w + 733401, -2*d - 2*w = -244464. Is d prime?
False
Suppose 0 = -6*s + 4790040 + 594582. Is s prime?
False
Let n be (-349)/(-4)*(-32)/(-8). Let j be (-180)/(-54) + (-4)/(-6). Suppose -j*c = 81 - n. Is c prime?
True
Is 3*(-4)/12 + 26858 a prime number?
False
Is ((-89)/(-3))/(36231*22/56934 + -14) a prime number?
False
Let p be 0/(8/(2 + 2)) - -5. Suppose -k + 3*k = 3*y - 4195, -p*y + 6983 = k. Is y a composite number?
True
Let q(u) = -202*u**3 + 3*u**2 - 3*u - 67. Is q(-10) composite?
True
Let c be (-25)/(-3) + (1 - (-8)/(-6)). Let j be c/3 - (-15)/45. Suppose 7*r - j*r - 356 = 0. Is r prime?
True
Suppose 3*l = 8*t - 3*t + 597, 4*t = -4*l + 796. Let q = 276 - l. Is q a composite number?
True
Let y(v) = -2*v**2 - 20*v + 2. Let z be y(-11). Let f = -17 - z. Suppose -5*t - d - 2*d = -145, f*t + 2*d - 88 = 0. Is t a composite number?
True
Is 4871250/270 + 6/(-9) composite?
False
Let n(r) = 2*r**3 - 11*r**2 + 15*r - 16. Let h be n(4). Is 117 + (-3 - 1/(h/(-12))) a prime number?
False
Is (-847829)/(-3)*25134/2242 - 4/38 a prime number?
True
Let k(w) be the third derivative of w**8/168 - w**7/1260 - w**6/720 + 4*w**5/15 + 15*w**2. Let i(y) be the third derivative of k(y). Is i(3) prime?
False
Suppose -4324984 = -87*n + 662055 - 1072126. Is n composite?
True
Suppose 0 = 3*k + 3*t - 149736, -3*k - 2259*t + 2264*t + 149688 = 0. Is k composite?
True
Suppose -396 = 11*c - 2156. Let x = c - -5049. Is x a prime number?
True
Let x = -12139 - -47040. Is x composite?
True
Suppose -51775 + 6081 = 11*j - 420497. Is j composite?
True
Let r = 318233 + -124584. Is r a prime number?
True
Suppose -3 = 47*z - 44*z, -2*u = z - 9. Is (-2018)/(-4)*(u + -3) a composite number?
False
Suppose 5*h = -14 + 69. Suppose 5 = 5*b, 2*m + h*b - 7*b = 1358. Is m a prime number?
True
Let d(z) = -z**3 + 58*z**2 - 650*z - 38. Is d(33) composite?
False
Suppose 16 = -4*t + 8*t. Suppose 2*p + 8*z - 28 = 4*z, -2*z + 44 = t*p. Is 12/(-15) - (-13378)/p prime?
False
Suppose 7 = -5*v + 117. Suppose -r + 23 = v. Is 2/(-6) + (3700/12 - r) prime?
True
Suppose -9 = -4*j + t, -7 = -4*j - t - 0*t. Is (-23808)/(60/(-10)) + (1 - j) a composite number?
False
Is (-6)/20 - (-23 - (-12232430)/(-100)) prime?
True
Suppose -24 = -4*b - 4*b. Let a be b/(-3 - 18/(-4)). Suppose -209 = -a*k + 21. Is k prime?
False
Suppose 5 = 2*f - 0*f + 3*n, -2*f - 5*n = -7. Let l(p) = 2*p - 4*p + 829*p**2 - 358*p**2. Is l(f) a composite number?
True
Suppose -8*b = -149586 - 170502. Is b prime?
False
Is (-58802 + -116)*2/(-4) a prime number?
False
Suppose 0 = -12*u - 85877 + 13889. Let m = u - -10486. Is m a prime number?
False
Let c(a) = 45*a - 89. Let v be 44/(-20)*15/6*-4. Is c(v) a composite number?
True
Suppose 12 = -3*m + 6*m. Suppose 5*a - 958 = 3*a + m*q, -5*a + 2431 = -q. Is a composite?
False
Let o(x) = -x**3 - 21*x**2 - 37*x + 51. Let c be o(-19). Is 6165 - 0 - (c - 24) a prime number?
False
Let t(y) = 2*y - 156. Let d be t(16). Is (d - -1)*(-3297)/63 a composite number?
True
Suppose 2*v + 39 = -67. Is (1*v)/(18/(-414)) a prime number?
False
Let f(a) = -a**2 - 15*a + 2. Let j be f(-17). Let y = -28 - j. Suppose y*u + 11992 = 5*x - 2329, 4*u = -3*x + 8567. Is x a prime number?
True
Let h(m) = 107270*m - 103. Is h(3) a prime number?
True
Suppose 0 = 12*j - 17*j + 15. Suppose -5*w = y - 812, -j*y - 4*w + 3*w = -2394. Is y composite?
False
Is 1693/((10/(-40))/(1 + (-2046)/24)) a prime number?
False
Suppose 5*u - 3*z + 25 = 0, -3 = 59*u - 60*u - z. Suppose 0 = i - 0*i - l + 1, 3*i - l = -3. Is 149*(4 + i + u)/1 composite?
False
Suppose -3*r = 13*j - 12*j - 499, -3*r = 5*j - 2471. Let m = 2034 - j. Is m a prime number?
False
Suppose 796782 = 10*h - 5775548. Is h a composite number?
False
Let r = 143 - 140. Let f(i) = 116*i**3 + 7*i**2 - 15*i + 13. Is f(r) composite?
False
Let n(p) = 0 - 47*p**2 - 58*p**3 + 47*p**2 + 1. Let u be n(-1). Suppose 0 = 61*f - u*f - 2278. Is f a prime number?
False
Let s(k) = 2*k**2 + 12*k + 8. Suppose 3*w + 0*g + 43 = 5*g, -2*g + 28 = -3*w. Let p be s(w). Suppose -6*x = -p*x + 1538. Is x a composite number?
False
Let p(v) = -4*v**3 - 249*v**2 - 58*v + 16. Is p(-71) prime?
True
Suppose 10*r + 118 - 618 = 0. Suppose -2*q + q = -3. Suppose q*h - 712 = r. Is h composite?
True
Let j be ((-179238)/18 + -7)/((-6)/9). Suppose 804 = -p + j. Is p a composite number?
False
Suppose -7*t = -14*t + 57099. Suppose 0 = 32*r - t - 2947. Is r a composite number?
False
Suppose 5377625 = 38*j - 36476297. Is j composite?
True
Is (-8)/96*-19626*4 prime?
False
Let l be 4650/675 - -1*1/9. Is (l - -7)/(-2 + 3) a prime number?
False
Let d = -26344 - -67883. Is d a composite number?
False
Let z = -27035 + 41286. Is z a prime number?
True
Let k(y) = -3*y**2 - 28*y - 14*y + 28 + 8*y**2 + 28*y. Is k(-13) composite?
True
Suppose -118 + 36 = -4*z + 2*t, -4*z + t + 77 = 0. Is (2/(-3))/(z/(-168939)) a composite number?
False
Suppose 199667 = 5*t - 115868. Is t prime?
False
Let v be 4/10*2715*(-25)/(-15). Suppose 2*z - 1528 = v. Is z a composite number?
False
Let n(g) = 16*g**2 + 3*g. Let t = 93 + -92. Let h be (t + 2)*((-7)/(-3) + -3). Is n(h) composite?
True
Let x(f) = -2750*f**3 - 2*f**2 - 5*f - 3. Let j be x(-1). Let i = -1269 + j. Is i a composite number?
False
Suppose 0 = 53699*p - 53696*p - 250071. Is p a composite number?
False
Let v(c) = 34*c**2 + 16*c + 11. Let s be (12/(-4) - 2)*(-16)/(-20). Is v(s) composite?
False
Suppose 4*a + 76130 = -5*g, 2778 = -2*g - 2*a - 27674. Let c = -5015 - g. Is c a prime number?
True
Let z(t) = -t**3 + 9*t**2 + 5*t - 40. Let p be z(9). Suppose k - 2*q - 6197 = 0, -p*k = -4*q - 4949 - 26036. Is k a prime number?
True
Let z(k) = 8*k**2 + 3*k - 19. Let u be 4/(-8)*-9*-2. Let q = u + 17. Is z(q) composite?
True
Let o = 152 + 8. Suppose 156*d - o*d = -580. Is d a composite number?
True
Let s be (-7 - -2)*-331 - 3. Let y = s - 1165. Let i = y - -402. Is i a composite number?
True
Suppose -5*y - 4*i + 133841 = 0, 26770 = -15*y + 16*y - i. Let k = -13016 + y. Is k a prime number?
False
Is 1*67207*((-792)/(-126) - 6) a composite number?
True
Suppose -4*j = -2*m + 826, 0 = 4*j - 11*m + 6*m + 811. Let p be (2746/2)/((-11)/j). Suppos